[INFO] cloning repository https://github.com/lopuhin/rust-broad-crawl
[INFO] running `Command { std: "git" "-c" "credential.helper=" "-c" "credential.helper=/workspace/cargo-home/bin/git-credential-null" "clone" "--bare" "https://github.com/lopuhin/rust-broad-crawl" "/workspace/cache/git-repos/https%3A%2F%2Fgithub.com%2Flopuhin%2Frust-broad-crawl", kill_on_drop: false }`
[INFO] [stderr] Cloning into bare repository '/workspace/cache/git-repos/https%3A%2F%2Fgithub.com%2Flopuhin%2Frust-broad-crawl'...
[INFO] running `Command { std: "git" "rev-parse" "HEAD", kill_on_drop: false }`
[INFO] [stdout] c1e76578b7c9b29237f2168990f7a072d0f97c4f
[INFO] checking lopuhin/rust-broad-crawl against master#af3c6e733a40e671550e0f0f5aeecaa13772ba56 for pr-74989
[INFO] running `Command { std: "git" "clone" "/workspace/cache/git-repos/https%3A%2F%2Fgithub.com%2Flopuhin%2Frust-broad-crawl" "/workspace/builds/worker-6/source", kill_on_drop: false }`
[INFO] [stderr] Cloning into '/workspace/builds/worker-6/source'...
[INFO] [stderr] done.
[INFO] validating manifest of git repo https://github.com/lopuhin/rust-broad-crawl on toolchain af3c6e733a40e671550e0f0f5aeecaa13772ba56
[INFO] running `Command { std: "/workspace/cargo-home/bin/cargo" "+af3c6e733a40e671550e0f0f5aeecaa13772ba56" "read-manifest" "--manifest-path" "Cargo.toml", kill_on_drop: false }`
[INFO] started tweaking git repo https://github.com/lopuhin/rust-broad-crawl
[INFO] finished tweaking git repo https://github.com/lopuhin/rust-broad-crawl
[INFO] tweaked toml for git repo https://github.com/lopuhin/rust-broad-crawl written to /workspace/builds/worker-6/source/Cargo.toml
[INFO] crate git repo https://github.com/lopuhin/rust-broad-crawl already has a lockfile, it will not be regenerated
[INFO] running `Command { std: "/workspace/cargo-home/bin/cargo" "+af3c6e733a40e671550e0f0f5aeecaa13772ba56" "fetch" "--locked" "--manifest-path" "Cargo.toml", kill_on_drop: false }`
[INFO] [stderr] error: the lock file /workspace/builds/worker-6/source/Cargo.lock needs to be updated but --locked was passed to prevent this
[INFO] [stderr] If you want to try to generate the lock file without accessing the network, use the --offline flag.
[INFO] the lockfile is outdated, regenerating it
[INFO] running `Command { std: "/workspace/cargo-home/bin/cargo" "+af3c6e733a40e671550e0f0f5aeecaa13772ba56" "generate-lockfile" "--manifest-path" "Cargo.toml" "-Zno-index-update", kill_on_drop: false }`
[INFO] [stderr]     Updating git repository `https://github.com/hyperium/hyper.git`
[INFO] running `Command { std: "/workspace/cargo-home/bin/cargo" "+af3c6e733a40e671550e0f0f5aeecaa13772ba56" "fetch" "--locked" "--manifest-path" "Cargo.toml", kill_on_drop: false }`
[INFO] running `Command { std: "docker" "create" "-v" "/var/lib/crater-agent-workspace/builds/worker-6/target:/opt/rustwide/target:rw,Z" "-v" "/var/lib/crater-agent-workspace/builds/worker-6/source:/opt/rustwide/workdir:ro,Z" "-v" "/var/lib/crater-agent-workspace/cargo-home:/opt/rustwide/cargo-home:ro,Z" "-v" "/var/lib/crater-agent-workspace/rustup-home:/opt/rustwide/rustup-home:ro,Z" "-e" "SOURCE_DIR=/opt/rustwide/workdir" "-e" "CARGO_TARGET_DIR=/opt/rustwide/target" "-e" "CARGO_HOME=/opt/rustwide/cargo-home" "-e" "RUSTUP_HOME=/opt/rustwide/rustup-home" "-w" "/opt/rustwide/workdir" "-m" "1610612736" "--user" "0:0" "--network" "none" "rustops/crates-build-env@sha256:d92eaeed33fa75130ca1ee6c8a01d1ffb62bac859dfdfb3450e3e5d1c0146529" "/opt/rustwide/cargo-home/bin/cargo" "+af3c6e733a40e671550e0f0f5aeecaa13772ba56" "metadata" "--no-deps" "--format-version=1", kill_on_drop: false }`
[INFO] [stdout] 7586fa7815d3ad23904e14e757ab0f647ec5f6070fe1b89959cc7a0dc637122c
[INFO] [stderr] WARNING: Your kernel does not support swap limit capabilities or the cgroup is not mounted. Memory limited without swap.
[INFO] running `Command { std: "docker" "start" "-a" "7586fa7815d3ad23904e14e757ab0f647ec5f6070fe1b89959cc7a0dc637122c", kill_on_drop: false }`
[INFO] running `Command { std: "docker" "inspect" "7586fa7815d3ad23904e14e757ab0f647ec5f6070fe1b89959cc7a0dc637122c", kill_on_drop: false }`
[INFO] running `Command { std: "docker" "rm" "-f" "7586fa7815d3ad23904e14e757ab0f647ec5f6070fe1b89959cc7a0dc637122c", kill_on_drop: false }`
[INFO] [stdout] 7586fa7815d3ad23904e14e757ab0f647ec5f6070fe1b89959cc7a0dc637122c
[INFO] running `Command { std: "docker" "create" "-v" "/var/lib/crater-agent-workspace/builds/worker-6/target:/opt/rustwide/target:rw,Z" "-v" "/var/lib/crater-agent-workspace/builds/worker-6/source:/opt/rustwide/workdir:ro,Z" "-v" "/var/lib/crater-agent-workspace/cargo-home:/opt/rustwide/cargo-home:ro,Z" "-v" "/var/lib/crater-agent-workspace/rustup-home:/opt/rustwide/rustup-home:ro,Z" "-e" "SOURCE_DIR=/opt/rustwide/workdir" "-e" "CARGO_TARGET_DIR=/opt/rustwide/target" "-e" "CARGO_INCREMENTAL=0" "-e" "RUST_BACKTRACE=full" "-e" "RUSTFLAGS=--cap-lints=forbid" "-e" "CARGO_HOME=/opt/rustwide/cargo-home" "-e" "RUSTUP_HOME=/opt/rustwide/rustup-home" "-w" "/opt/rustwide/workdir" "-m" "1610612736" "--user" "0:0" "--network" "none" "rustops/crates-build-env@sha256:d92eaeed33fa75130ca1ee6c8a01d1ffb62bac859dfdfb3450e3e5d1c0146529" "/opt/rustwide/cargo-home/bin/cargo" "+af3c6e733a40e671550e0f0f5aeecaa13772ba56" "check" "--frozen" "--all" "--all-targets" "--message-format=json", kill_on_drop: false }`
[INFO] [stderr] WARNING: Your kernel does not support swap limit capabilities or the cgroup is not mounted. Memory limited without swap.
[INFO] [stdout] 182bc0ea936ff9ea566c5a57a5eb5929fe114dfb39e5ea02064bd502962038db
[INFO] running `Command { std: "docker" "start" "-a" "182bc0ea936ff9ea566c5a57a5eb5929fe114dfb39e5ea02064bd502962038db", kill_on_drop: false }`
[INFO] [stderr]    Compiling libc v0.2.77
[INFO] [stderr]    Compiling proc-macro2 v1.0.21
[INFO] [stderr]    Compiling unicode-xid v0.2.1
[INFO] [stderr]     Checking lazy_static v1.4.0
[INFO] [stderr]    Compiling syn v1.0.41
[INFO] [stderr]    Compiling getrandom v0.1.15
[INFO] [stderr]    Compiling log v0.4.11
[INFO] [stderr]    Compiling cfg-if v0.1.10
[INFO] [stderr]    Compiling memchr v2.3.3
[INFO] [stderr]    Compiling serde v1.0.116
[INFO] [stderr]    Compiling ppv-lite86 v0.2.9
[INFO] [stderr]    Compiling ryu v1.0.5
[INFO] [stderr]    Compiling siphasher v0.3.3
[INFO] [stderr]     Checking bytes v0.5.6
[INFO] [stderr]    Compiling serde_json v1.0.57
[INFO] [stderr]     Checking futures-core v0.3.5
[INFO] [stderr]    Compiling serde_derive v1.0.116
[INFO] [stderr]    Compiling pin-project-internal v0.4.23
[INFO] [stderr]     Checking fnv v1.0.7
[INFO] [stderr]     Checking slab v0.4.2
[INFO] [stderr]    Compiling autocfg v1.0.1
[INFO] [stderr]    Compiling itoa v0.4.6
[INFO] [stderr]     Checking pin-project-lite v0.1.7
[INFO] [stderr]     Checking pin-utils v0.1.0
[INFO] [stderr]     Checking utf-8 v0.7.5
[INFO] [stderr]    Compiling httparse v1.3.4
[INFO] [stderr]     Checking matches v0.1.8
[INFO] [stderr]     Checking hashbrown v0.9.0
[INFO] [stderr]     Checking futures-sink v0.3.5
[INFO] [stderr]     Checking futures-task v0.3.5
[INFO] [stderr]     Checking tinyvec v0.3.4
[INFO] [stderr]     Checking regex-syntax v0.6.18
[INFO] [stderr]     Checking quick-error v1.2.3
[INFO] [stderr]     Checking try-lock v0.2.3
[INFO] [stderr]     Checking termcolor v1.1.0
[INFO] [stderr]     Checking tower-service v0.3.0
[INFO] [stderr]     Checking percent-encoding v1.0.1
[INFO] [stderr]     Checking httpdate v0.3.2
[INFO] [stderr]     Checking mime v0.3.16
[INFO] [stderr]     Checking tracing-core v0.1.16
[INFO] [stderr]     Checking thread_local v1.0.1
[INFO] [stderr]     Checking futures-channel v0.3.5
[INFO] [stderr]    Compiling phf_shared v0.8.0
[INFO] [stderr]     Checking unicode-bidi v0.3.4
[INFO] [stderr]     Checking humantime v1.3.0
[INFO] [stderr]     Checking tendril v0.4.1
[INFO] [stderr]     Checking http v0.2.1
[INFO] [stderr]    Compiling indexmap v1.6.0
[INFO] [stderr]     Checking unicode-normalization v0.1.13
[INFO] [stderr]     Checking phf v0.8.0
[INFO] [stderr]     Checking want v0.3.0
[INFO] [stderr]     Checking tracing v0.1.19
[INFO] [stderr]     Checking aho-corasick v0.7.13
[INFO] [stderr]     Checking csv-core v0.1.10
[INFO] [stderr]    Compiling quote v1.0.7
[INFO] [stderr]    Compiling rand_core v0.5.1
[INFO] [stderr]     Checking iovec v0.1.4
[INFO] [stderr]     Checking net2 v0.2.35
[INFO] [stderr]     Checking atty v0.2.14
[INFO] [stderr]     Checking socket2 v0.3.15
[INFO] [stderr]    Compiling rand_chacha v0.2.2
[INFO] [stderr]    Compiling rand_pcg v0.2.1
[INFO] [stderr]     Checking mio v0.6.22
[INFO] [stderr]     Checking idna v0.1.5
[INFO] [stderr]    Compiling rand v0.7.3
[INFO] [stderr]     Checking tokio v0.2.22
[INFO] [stderr]     Checking regex v1.3.9
[INFO] [stderr]     Checking url v1.7.2
[INFO] [stderr]     Checking http-body v0.3.1
[INFO] [stderr]    Compiling phf_generator v0.8.0
[INFO] [stderr]    Compiling phf_codegen v0.8.0
[INFO] [stderr]    Compiling string_cache_codegen v0.5.1
[INFO] [stderr]     Checking env_logger v0.7.1
[INFO] [stderr]     Checking string_cache v0.8.0
[INFO] [stderr]     Checking bstr v0.2.13
[INFO] [stderr]     Checking tokio-util v0.3.1
[INFO] [stderr]     Checking csv v1.1.3
[INFO] [stderr]    Compiling html5ever v0.25.1
[INFO] [stderr]     Checking pin-project v0.4.23
[INFO] [stderr]     Checking futures-util v0.3.5
[INFO] [stderr]     Checking h2 v0.2.6
[INFO] [stderr]    Compiling markup5ever v0.10.0
[INFO] [stderr]     Checking hyper v0.13.7 (https://github.com/hyperium/hyper.git#66fc127c)
[INFO] [stderr]     Checking crawler v0.1.0 (/opt/rustwide/workdir)
[INFO] [stdout] error[E0432]: unresolved import `hyper::header::Location`
[INFO] [stdout]   --> src/crawl.rs:10:21
[INFO] [stdout]    |
[INFO] [stdout] 10 | use hyper::header::{Location};
[INFO] [stdout]    |                     ^^^^^^^^ no `Location` in `header`
[INFO] [stdout] 
[INFO] [stdout] 
[INFO] [stdout] error[E0432]: unresolved import `hyper::Url`
[INFO] [stdout]   --> src/crawl.rs:11:5
[INFO] [stdout]    |
[INFO] [stdout] 11 | use hyper::Url;
[INFO] [stdout]    |     ^^^^^^^---
[INFO] [stdout]    |     |      |
[INFO] [stdout]    |     |      help: a similar name exists in the module: `Uri`
[INFO] [stdout]    |     no `Url` in the root
[INFO] [stdout] 
[INFO] [stdout] 
[INFO] [stdout] error[E0432]: unresolved import `hyper::status`
[INFO] [stdout]   --> src/crawl.rs:12:12
[INFO] [stdout]    |
[INFO] [stdout] 12 | use hyper::status::StatusCode;
[INFO] [stdout]    |            ^^^^^^ could not find `status` in `hyper`
[INFO] [stdout] 
[INFO] [stdout] 
[INFO] [stdout] error[E0432]: unresolved import `hyper::client::DefaultTransport`
[INFO] [stdout]  --> src/downloader.rs:7:5
[INFO] [stdout]   |
[INFO] [stdout] 7 |     DefaultTransport as HttpStream};
[INFO] [stdout]   |     ^^^^^^^^^^^^^^^^^^^^^^^^^^^^^^ no `DefaultTransport` in `client`
[INFO] [stdout] 
[INFO] [stdout] 
[INFO] [stdout] error[E0432]: unresolved imports `hyper::header::Connection`, `hyper::header::ContentType`
[INFO] [stdout]  --> src/downloader.rs:8:21
[INFO] [stdout]   |
[INFO] [stdout] 8 | use hyper::header::{Connection, ContentType};
[INFO] [stdout]   |                     ^^^^^^^^^^  ^^^^^^^^^^^ no `ContentType` in `header`
[INFO] [stdout]   |                     |
[INFO] [stdout]   |                     no `Connection` in `header`
[INFO] [stdout] 
[INFO] [stdout] 
[INFO] [stdout] error[E0432]: unresolved imports `hyper::Decoder`, `hyper::Encoder`, `hyper::Next`
[INFO] [stdout]  --> src/downloader.rs:9:13
[INFO] [stdout]   |
[INFO] [stdout] 9 | use hyper::{Decoder, Encoder, Next};
[INFO] [stdout]   |             ^^^^^^^  ^^^^^^^  ^^^^ no `Next` in the root
[INFO] [stdout]   |             |        |
[INFO] [stdout]   |             |        no `Encoder` in the root
[INFO] [stdout]   |             no `Decoder` in the root
[INFO] [stdout] 
[INFO] [stdout] 
[INFO] [stdout] error[E0432]: unresolved import `hyper::status`
[INFO] [stdout]   --> src/downloader.rs:10:12
[INFO] [stdout]    |
[INFO] [stdout] 10 | use hyper::status::StatusCode;
[INFO] [stdout]    |            ^^^^^^ could not find `status` in `hyper`
[INFO] [stdout] 
[INFO] [stdout] 
[INFO] [stdout] error[E0432]: unresolved imports `hyper::header::Headers`, `hyper::header::UserAgent`
[INFO] [stdout]   --> src/downloader.rs:11:21
[INFO] [stdout]    |
[INFO] [stdout] 11 | use hyper::header::{Headers, UserAgent};
[INFO] [stdout]    |                     ^^^^^^^  ^^^^^^^^^ no `UserAgent` in `header`
[INFO] [stdout]    |                     |
[INFO] [stdout]    |                     no `Headers` in `header`
[INFO] [stdout] 
[INFO] [stdout] 
[INFO] [stdout] error[E0432]: unresolved import `mime::TopLevel`
[INFO] [stdout]   --> src/downloader.rs:13:11
[INFO] [stdout]    |
[INFO] [stdout] 13 | use mime::TopLevel::Text;
[INFO] [stdout]    |           ^^^^^^^^ could not find `TopLevel` in `mime`
[INFO] [stdout] 
[INFO] [stdout] 
[INFO] [stdout] error[E0432]: unresolved import `mime::SubLevel`
[INFO] [stdout]   --> src/downloader.rs:14:11
[INFO] [stdout]    |
[INFO] [stdout] 14 | use mime::SubLevel::Html;
[INFO] [stdout]    |           ^^^^^^^^ could not find `SubLevel` in `mime`
[INFO] [stdout] 
[INFO] [stdout] 
[INFO] [stdout] error[E0432]: unresolved import `hyper::Url`
[INFO] [stdout]  --> src/link_extraction.rs:3:5
[INFO] [stdout]   |
[INFO] [stdout] 3 | use hyper::Url;
[INFO] [stdout]   |     ^^^^^^^---
[INFO] [stdout]   |     |      |
[INFO] [stdout]   |     |      help: a similar name exists in the module: `Uri`
[INFO] [stdout]   |     no `Url` in the root
[INFO] [stdout] 
[INFO] [stdout] 
[INFO] [stdout] error[E0432]: unresolved import `hyper::Url`
[INFO] [stdout]  --> src/request.rs:5:5
[INFO] [stdout]   |
[INFO] [stdout] 5 | use hyper::Url;
[INFO] [stdout]   |     ^^^^^^^---
[INFO] [stdout]   |     |      |
[INFO] [stdout]   |     |      help: a similar name exists in the module: `Uri`
[INFO] [stdout]   |     no `Url` in the root
[INFO] [stdout] 
[INFO] [stdout] 
[INFO] [stdout] error[E0432]: unresolved import `hyper::status`
[INFO] [stdout]  --> src/response.rs:1:12
[INFO] [stdout]   |
[INFO] [stdout] 1 | use hyper::status::StatusCode;
[INFO] [stdout]   |            ^^^^^^ could not find `status` in `hyper`
[INFO] [stdout] 
[INFO] [stdout] 
[INFO] [stdout] error[E0432]: unresolved import `hyper::header::Headers`
[INFO] [stdout]  --> src/response.rs:2:5
[INFO] [stdout]   |
[INFO] [stdout] 2 | use hyper::header::Headers;
[INFO] [stdout]   |     ^^^^^^^^^^^^^^^^^^^^^^ no `Headers` in `header`
[INFO] [stdout] 
[INFO] [stdout] 
[INFO] [stdout] error[E0432]: unresolved import `hyper::Url`
[INFO] [stdout]   --> src/lib.rs:22:9
[INFO] [stdout]    |
[INFO] [stdout] 22 | pub use hyper::Url;
[INFO] [stdout]    |         ^^^^^^^---
[INFO] [stdout]    |         |      |
[INFO] [stdout]    |         |      help: a similar name exists in the module: `Uri`
[INFO] [stdout]    |         no `Url` in the root
[INFO] [stdout] 
[INFO] [stdout] 
[INFO] [stdout] error[E0432]: unresolved import `hyper::header::Location`
[INFO] [stdout]   --> src/crawl.rs:10:21
[INFO] [stdout]    |
[INFO] [stdout] 10 | use hyper::header::{Location};
[INFO] [stdout]    |                     ^^^^^^^^ no `Location` in `header`
[INFO] [stdout] 
[INFO] [stdout] 
[INFO] [stdout] error[E0432]: unresolved import `hyper::Url`
[INFO] [stdout]   --> src/crawl.rs:11:5
[INFO] [stdout]    |
[INFO] [stdout] 11 | use hyper::Url;
[INFO] [stdout]    |     ^^^^^^^---
[INFO] [stdout]    |     |      |
[INFO] [stdout]    |     |      help: a similar name exists in the module: `Uri`
[INFO] [stdout]    |     no `Url` in the root
[INFO] [stdout] 
[INFO] [stdout] 
[INFO] [stdout] error[E0432]: unresolved import `hyper::status`
[INFO] [stdout]   --> src/crawl.rs:12:12
[INFO] [stdout]    |
[INFO] [stdout] 12 | use hyper::status::StatusCode;
[INFO] [stdout]    |            ^^^^^^ could not find `status` in `hyper`
[INFO] [stdout] 
[INFO] [stdout] 
[INFO] [stdout] error[E0432]: unresolved import `hyper::client::DefaultTransport`
[INFO] [stdout]  --> src/downloader.rs:7:5
[INFO] [stdout]   |
[INFO] [stdout] 7 |     DefaultTransport as HttpStream};
[INFO] [stdout]   |     ^^^^^^^^^^^^^^^^^^^^^^^^^^^^^^ no `DefaultTransport` in `client`
[INFO] [stdout] 
[INFO] [stdout] 
[INFO] [stdout] error[E0432]: unresolved imports `hyper::header::Connection`, `hyper::header::ContentType`
[INFO] [stdout]  --> src/downloader.rs:8:21
[INFO] [stdout]   |
[INFO] [stdout] 8 | use hyper::header::{Connection, ContentType};
[INFO] [stdout]   |                     ^^^^^^^^^^  ^^^^^^^^^^^ no `ContentType` in `header`
[INFO] [stdout]   |                     |
[INFO] [stdout]   |                     no `Connection` in `header`
[INFO] [stdout] 
[INFO] [stdout] 
[INFO] [stdout] error[E0432]: unresolved imports `hyper::Decoder`, `hyper::Encoder`, `hyper::Next`
[INFO] [stdout]  --> src/downloader.rs:9:13
[INFO] [stdout]   |
[INFO] [stdout] 9 | use hyper::{Decoder, Encoder, Next};
[INFO] [stdout]   |             ^^^^^^^  ^^^^^^^  ^^^^ no `Next` in the root
[INFO] [stdout]   |             |        |
[INFO] [stdout]   |             |        no `Encoder` in the root
[INFO] [stdout]   |             no `Decoder` in the root
[INFO] [stdout] 
[INFO] [stdout] 
[INFO] [stdout] error[E0432]: unresolved import `hyper::status`
[INFO] [stdout]   --> src/downloader.rs:10:12
[INFO] [stdout]    |
[INFO] [stdout] 10 | use hyper::status::StatusCode;
[INFO] [stdout]    |            ^^^^^^ could not find `status` in `hyper`
[INFO] [stdout] 
[INFO] [stdout] 
[INFO] [stdout] error[E0432]: unresolved imports `hyper::header::Headers`, `hyper::header::UserAgent`
[INFO] [stdout]   --> src/downloader.rs:11:21
[INFO] [stdout]    |
[INFO] [stdout] 11 | use hyper::header::{Headers, UserAgent};
[INFO] [stdout]    |                     ^^^^^^^  ^^^^^^^^^ no `UserAgent` in `header`
[INFO] [stdout]    |                     |
[INFO] [stdout]    |                     no `Headers` in `header`
[INFO] [stdout] 
[INFO] [stdout] 
[INFO] [stdout] error[E0432]: unresolved import `mime::TopLevel`
[INFO] [stdout]   --> src/downloader.rs:13:11
[INFO] [stdout]    |
[INFO] [stdout] 13 | use mime::TopLevel::Text;
[INFO] [stdout]    |           ^^^^^^^^ could not find `TopLevel` in `mime`
[INFO] [stdout] 
[INFO] [stdout] 
[INFO] [stdout] error[E0432]: unresolved import `mime::SubLevel`
[INFO] [stdout]   --> src/downloader.rs:14:11
[INFO] [stdout]    |
[INFO] [stdout] 14 | use mime::SubLevel::Html;
[INFO] [stdout]    |           ^^^^^^^^ could not find `SubLevel` in `mime`
[INFO] [stdout] 
[INFO] [stdout] 
[INFO] [stdout] error[E0432]: unresolved import `hyper::Url`
[INFO] [stdout]  --> src/link_extraction.rs:3:5
[INFO] [stdout]   |
[INFO] [stdout] 3 | use hyper::Url;
[INFO] [stdout]   |     ^^^^^^^---
[INFO] [stdout]   |     |      |
[INFO] [stdout]   |     |      help: a similar name exists in the module: `Uri`
[INFO] [stdout]   |     no `Url` in the root
[INFO] [stdout] 
[INFO] [stdout] 
[INFO] [stdout] error[E0432]: unresolved import `hyper::Url`
[INFO] [stdout]  --> src/request.rs:5:5
[INFO] [stdout]   |
[INFO] [stdout] 5 | use hyper::Url;
[INFO] [stdout]   |     ^^^^^^^---
[INFO] [stdout]   |     |      |
[INFO] [stdout]   |     |      help: a similar name exists in the module: `Uri`
[INFO] [stdout]   |     no `Url` in the root
[INFO] [stdout] 
[INFO] [stdout] 
[INFO] [stdout] error[E0432]: unresolved import `hyper::status`
[INFO] [stdout]  --> src/response.rs:1:12
[INFO] [stdout]   |
[INFO] [stdout] 1 | use hyper::status::StatusCode;
[INFO] [stdout]   |            ^^^^^^ could not find `status` in `hyper`
[INFO] [stdout] 
[INFO] [stdout] 
[INFO] [stdout] error[E0432]: unresolved import `hyper::header::Headers`
[INFO] [stdout]  --> src/response.rs:2:5
[INFO] [stdout]   |
[INFO] [stdout] 2 | use hyper::header::Headers;
[INFO] [stdout]   |     ^^^^^^^^^^^^^^^^^^^^^^ no `Headers` in `header`
[INFO] [stdout] 
[INFO] [stdout] 
[INFO] [stdout] error[E0432]: unresolved import `hyper::Url`
[INFO] [stdout]   --> src/lib.rs:22:9
[INFO] [stdout]    |
[INFO] [stdout] 22 | pub use hyper::Url;
[INFO] [stdout]    |         ^^^^^^^---
[INFO] [stdout]    |         |      |
[INFO] [stdout]    |         |      help: a similar name exists in the module: `Uri`
[INFO] [stdout]    |         no `Url` in the root
[INFO] [stdout] 
[INFO] [stdout] 
[INFO] [stdout] error[E0532]: expected tuple struct or tuple variant, found struct `Mime`
[INFO] [stdout]   --> src/downloader.rs:47:26
[INFO] [stdout]    |
[INFO] [stdout] 47 |             &ContentType(Mime(Text, Html, _)) => true,
[INFO] [stdout]    |                          ^^^^^^^^^^^^^^^^^^^ help: use struct pattern syntax instead: `Mime { source, slash, plus, params }`
[INFO] [stdout]    | 
[INFO] [stdout]   ::: /opt/rustwide/cargo-home/registry/src/github.com-1ecc6299db9ec823/mime-0.3.16/src/lib.rs:43:1
[INFO] [stdout]    |
[INFO] [stdout] 43 | pub struct Mime {
[INFO] [stdout]    | --------------- `Mime` defined here
[INFO] [stdout] 
[INFO] [stdout] 
[INFO] [stdout] error[E0405]: cannot find trait `Handler` in module `hyper::client`
[INFO] [stdout]   --> src/downloader.rs:69:21
[INFO] [stdout]    |
[INFO] [stdout] 69 | impl hyper::client::Handler<HttpStream> for Handler {
[INFO] [stdout]    |                     ^^^^^^^ not found in `hyper::client`
[INFO] [stdout] 
[INFO] [stdout] 
[INFO] [stdout] error[E0603]: struct `Request` is private
[INFO] [stdout]   --> src/downloader.rs:6:29
[INFO] [stdout]    |
[INFO] [stdout] 6  | use hyper::client::{Client, Request as HyperRequest, Response as HyperResponse,
[INFO] [stdout]    |                             ^^^^^^^ private struct
[INFO] [stdout]    |
[INFO] [stdout] note: the struct `Request` is defined here
[INFO] [stdout]   --> /opt/rustwide/cargo-home/git/checkouts/hyper-817b53a166fc1c58/66fc127/src/client/mod.rs:60:20
[INFO] [stdout]    |
[INFO] [stdout] 60 | use http::{Method, Request, Response, Uri, Version};
[INFO] [stdout]    |                    ^^^^^^^
[INFO] [stdout] 
[INFO] [stdout] 
[INFO] [stdout] error[E0603]: struct `Response` is private
[INFO] [stdout]   --> src/downloader.rs:6:54
[INFO] [stdout]    |
[INFO] [stdout] 6  | use hyper::client::{Client, Request as HyperRequest, Response as HyperResponse,
[INFO] [stdout]    |                                                      ^^^^^^^^ private struct
[INFO] [stdout]    |
[INFO] [stdout] note: the struct `Response` is defined here
[INFO] [stdout]   --> /opt/rustwide/cargo-home/git/checkouts/hyper-817b53a166fc1c58/66fc127/src/client/mod.rs:60:29
[INFO] [stdout]    |
[INFO] [stdout] 60 | use http::{Method, Request, Response, Uri, Version};
[INFO] [stdout]    |                             ^^^^^^^^
[INFO] [stdout] 
[INFO] [stdout] 
[INFO] [stdout] error: aborting due to 19 previous errors
[INFO] [stdout] 
[INFO] [stdout] 
[INFO] [stdout] Some errors have detailed explanations: E0405, E0432, E0532, E0603.
[INFO] [stdout] 
[INFO] [stdout] For more information about an error, try `rustc --explain E0405`.
[INFO] [stdout] 
[INFO] [stderr] error: could not compile `crawler`.
[INFO] [stderr] 
[INFO] [stderr] To learn more, run the command again with --verbose.
[INFO] [stderr] warning: build failed, waiting for other jobs to finish...
[INFO] [stdout] error[E0532]: expected tuple struct or tuple variant, found struct `Mime`
[INFO] [stdout]   --> src/downloader.rs:47:26
[INFO] [stdout]    |
[INFO] [stdout] 47 |             &ContentType(Mime(Text, Html, _)) => true,
[INFO] [stdout]    |                          ^^^^^^^^^^^^^^^^^^^ help: use struct pattern syntax instead: `Mime { source, slash, plus, params }`
[INFO] [stdout]    | 
[INFO] [stdout]   ::: /opt/rustwide/cargo-home/registry/src/github.com-1ecc6299db9ec823/mime-0.3.16/src/lib.rs:43:1
[INFO] [stdout]    |
[INFO] [stdout] 43 | pub struct Mime {
[INFO] [stdout]    | --------------- `Mime` defined here
[INFO] [stdout] 
[INFO] [stdout] 
[INFO] [stdout] error[E0405]: cannot find trait `Handler` in module `hyper::client`
[INFO] [stdout]   --> src/downloader.rs:69:21
[INFO] [stdout]    |
[INFO] [stdout] 69 | impl hyper::client::Handler<HttpStream> for Handler {
[INFO] [stdout]    |                     ^^^^^^^ not found in `hyper::client`
[INFO] [stdout] 
[INFO] [stdout] 
[INFO] [stdout] error[E0603]: struct `Request` is private
[INFO] [stdout]   --> src/downloader.rs:6:29
[INFO] [stdout]    |
[INFO] [stdout] 6  | use hyper::client::{Client, Request as HyperRequest, Response as HyperResponse,
[INFO] [stdout]    |                             ^^^^^^^ private struct
[INFO] [stdout]    |
[INFO] [stdout] note: the struct `Request` is defined here
[INFO] [stdout]   --> /opt/rustwide/cargo-home/git/checkouts/hyper-817b53a166fc1c58/66fc127/src/client/mod.rs:60:20
[INFO] [stdout]    |
[INFO] [stdout] 60 | use http::{Method, Request, Response, Uri, Version};
[INFO] [stdout]    |                    ^^^^^^^
[INFO] [stdout] 
[INFO] [stdout] 
[INFO] [stdout] error[E0603]: struct `Response` is private
[INFO] [stdout]   --> src/downloader.rs:6:54
[INFO] [stdout]    |
[INFO] [stdout] 6  | use hyper::client::{Client, Request as HyperRequest, Response as HyperResponse,
[INFO] [stdout]    |                                                      ^^^^^^^^ private struct
[INFO] [stdout]    |
[INFO] [stdout] note: the struct `Response` is defined here
[INFO] [stdout]   --> /opt/rustwide/cargo-home/git/checkouts/hyper-817b53a166fc1c58/66fc127/src/client/mod.rs:60:29
[INFO] [stdout]    |
[INFO] [stdout] 60 | use http::{Method, Request, Response, Uri, Version};
[INFO] [stdout]    |                             ^^^^^^^^
[INFO] [stdout] 
[INFO] [stdout] 
[INFO] [stdout] error: aborting due to 19 previous errors
[INFO] [stdout] 
[INFO] [stdout] 
[INFO] [stdout] Some errors have detailed explanations: E0405, E0432, E0532, E0603.
[INFO] [stdout] 
[INFO] [stdout] For more information about an error, try `rustc --explain E0405`.
[INFO] [stdout] 
[INFO] [stderr] error: build failed
[INFO] running `Command { std: "docker" "inspect" "182bc0ea936ff9ea566c5a57a5eb5929fe114dfb39e5ea02064bd502962038db", kill_on_drop: false }`
[INFO] running `Command { std: "docker" "rm" "-f" "182bc0ea936ff9ea566c5a57a5eb5929fe114dfb39e5ea02064bd502962038db", kill_on_drop: false }`
[INFO] [stdout] 182bc0ea936ff9ea566c5a57a5eb5929fe114dfb39e5ea02064bd502962038db
